{"id":17496,"date":"2026-04-27T23:33:50","date_gmt":"2026-04-27T23:33:50","guid":{"rendered":"https:\/\/coyacademia.com\/cursos\/?post_type=product&#038;p=17496"},"modified":"2026-04-27T23:35:15","modified_gmt":"2026-04-27T23:35:15","slug":"hojaldre","status":"publish","type":"product","link":"https:\/\/coyacademia.com\/cursos\/product\/hojaldre\/","title":{"rendered":"HOJALDRE"},"content":{"rendered":"<p><strong>Contenido:<\/strong><\/p>\n<ul>\n<li>Masa base<\/li>\n<li>Dobleces y empastado<\/li>\n<li>Precortado y relleno<\/li>\n<li>Horneo<\/li>\n<li>(corazones, palitos de queso, pasabocas de bocadillo)<\/li>\n<\/ul>\n<p>&nbsp;<\/p>\n<p>\ud83d\udd16Incluye:<\/p>\n<p>-Insumos<\/p>\n<p>-Cada alumno realiza sus productos aproximadamente<\/p>\n<p>-Guia de t\u00e9cnicas y recetas *PDF*<\/p>\n<p>-Delantal y cofia<\/p>\n<p>-Certificado de participaci\u00f3n<\/p>\n<p>-Al finalizar el alumno se lleva productos a casa<\/p>\n<p>&nbsp;<\/p>\n<p>&#8211; Acceso a la comunidad exclusiva de WhatsApp<\/p>\n<p>&nbsp;<\/p>\n<p>\ud83d\udc4b\ud83c\udffcModalidad: Presencial 100% Pr\u00e1ctico<\/p>\n","protected":false},"excerpt":{"rendered":"<p>Descubre el arte del hojaldre en este taller pr\u00e1ctico, donde aprender\u00e1s a dominar el laminado, los pliegues y los tiempos clave para lograr masas perfectamente aireadas y crujientes. Comprende la t\u00e9cnica detr\u00e1s de sus capas y ll\u00e9vala a preparaciones dulces y saladas con acabados profesionales y una textura inigualable.<\/p>\n","protected":false},"featured_media":17229,"template":"","meta":[],"product_brand":[],"product_cat":[103,105,15],"product_tag":[],"class_list":{"0":"post-17496","1":"product","2":"type-product","3":"status-publish","4":"has-post-thumbnail","6":"product_cat-cursos-de-pasteleria","7":"product_cat-talleres","8":"product_cat-uncategorized","10":"first","11":"instock","12":"shipping-taxable","13":"purchasable","14":"product-type-simple"},"_links":{"self":[{"href":"https:\/\/coyacademia.com\/cursos\/wp-json\/wp\/v2\/product\/17496","targetHints":{"allow":["GET"]}}],"collection":[{"href":"https:\/\/coyacademia.com\/cursos\/wp-json\/wp\/v2\/product"}],"about":[{"href":"https:\/\/coyacademia.com\/cursos\/wp-json\/wp\/v2\/types\/product"}],"version-history":[{"count":2,"href":"https:\/\/coyacademia.com\/cursos\/wp-json\/wp\/v2\/product\/17496\/revisions"}],"predecessor-version":[{"id":17498,"href":"https:\/\/coyacademia.com\/cursos\/wp-json\/wp\/v2\/product\/17496\/revisions\/17498"}],"wp:featuredmedia":[{"embeddable":true,"href":"https:\/\/coyacademia.com\/cursos\/wp-json\/wp\/v2\/media\/17229"}],"wp:attachment":[{"href":"https:\/\/coyacademia.com\/cursos\/wp-json\/wp\/v2\/media?parent=17496"}],"wp:term":[{"taxonomy":"product_brand","embeddable":true,"href":"https:\/\/coyacademia.com\/cursos\/wp-json\/wp\/v2\/product_brand?post=17496"},{"taxonomy":"product_cat","embeddable":true,"href":"https:\/\/coyacademia.com\/cursos\/wp-json\/wp\/v2\/product_cat?post=17496"},{"taxonomy":"product_tag","embeddable":true,"href":"https:\/\/coyacademia.com\/cursos\/wp-json\/wp\/v2\/product_tag?post=17496"}],"curies":[{"name":"wp","href":"https:\/\/api.w.org\/{rel}","templated":true}]}}