{"id":17490,"date":"2026-04-27T23:31:26","date_gmt":"2026-04-27T23:31:26","guid":{"rendered":"https:\/\/coyacademia.com\/cursos\/?post_type=product&#038;p=17490"},"modified":"2026-04-27T23:31:26","modified_gmt":"2026-04-27T23:31:26","slug":"ocean-cake","status":"publish","type":"product","link":"https:\/\/coyacademia.com\/cursos\/product\/ocean-cake\/","title":{"rendered":"OCEAN CAKE"},"content":{"rendered":"<p><strong>Contenido:<\/strong><\/p>\n<ul>\n<li>Corte y tallado de la masa<\/li>\n<li>Recubrimiento en ganache<\/li>\n<li>Elaboraci\u00f3n gelificaci\u00f3n oc\u00e9ano<\/li>\n<li>Manejo de fondant en detalles decorativos<\/li>\n<li>Texturizado<\/li>\n<li>Manejo del color y tonalidades<\/li>\n<\/ul>\n<p>&nbsp;<\/p>\n<p>&nbsp;<\/p>\n<p>\ud83d\udd16Incluye:<\/p>\n<p>-Insumos<\/p>\n<p>-Cada alumno realiza sus productos aproximadamente<\/p>\n<p>-Guia de t\u00e9cnicas y recetas *PDF*<\/p>\n<p>-Delantal y cofia<\/p>\n<p>-Certificado de participaci\u00f3n<\/p>\n<p>-Al finalizar el alumno se lleva productos a casa<\/p>\n<p>&nbsp;<\/p>\n<p>-Acceso a la comunidad exclusiva de WhatsApp<\/p>\n<p>&nbsp;<\/p>\n<p>\ud83d\udc4b\ud83c\udffcModalidad: presencial 100% pr\u00e1ctico<\/p>\n","protected":false},"excerpt":{"rendered":"<p>Un proyecto con multi\u00e9tnicas<\/p>\n<p>&nbsp;<\/p>\n<p>Aprende a crear tortas oc\u00e9ano, con texturas \u00fanicas y diversas. Con tem\u00e1ticas paisajistas fascinantes. Que combina t\u00e9cnicas de tallado, ganacheado, modelado b\u00e1sico y m\u00e1s.<\/p>\n","protected":false},"featured_media":17241,"template":"","meta":[],"product_brand":[],"product_cat":[103,105],"product_tag":[],"class_list":{"0":"post-17490","1":"product","2":"type-product","3":"status-publish","4":"has-post-thumbnail","6":"product_cat-cursos-de-pasteleria","7":"product_cat-talleres","9":"first","10":"instock","11":"shipping-taxable","12":"purchasable","13":"product-type-simple"},"_links":{"self":[{"href":"https:\/\/coyacademia.com\/cursos\/wp-json\/wp\/v2\/product\/17490","targetHints":{"allow":["GET"]}}],"collection":[{"href":"https:\/\/coyacademia.com\/cursos\/wp-json\/wp\/v2\/product"}],"about":[{"href":"https:\/\/coyacademia.com\/cursos\/wp-json\/wp\/v2\/types\/product"}],"version-history":[{"count":1,"href":"https:\/\/coyacademia.com\/cursos\/wp-json\/wp\/v2\/product\/17490\/revisions"}],"predecessor-version":[{"id":17491,"href":"https:\/\/coyacademia.com\/cursos\/wp-json\/wp\/v2\/product\/17490\/revisions\/17491"}],"wp:featuredmedia":[{"embeddable":true,"href":"https:\/\/coyacademia.com\/cursos\/wp-json\/wp\/v2\/media\/17241"}],"wp:attachment":[{"href":"https:\/\/coyacademia.com\/cursos\/wp-json\/wp\/v2\/media?parent=17490"}],"wp:term":[{"taxonomy":"product_brand","embeddable":true,"href":"https:\/\/coyacademia.com\/cursos\/wp-json\/wp\/v2\/product_brand?post=17490"},{"taxonomy":"product_cat","embeddable":true,"href":"https:\/\/coyacademia.com\/cursos\/wp-json\/wp\/v2\/product_cat?post=17490"},{"taxonomy":"product_tag","embeddable":true,"href":"https:\/\/coyacademia.com\/cursos\/wp-json\/wp\/v2\/product_tag?post=17490"}],"curies":[{"name":"wp","href":"https:\/\/api.w.org\/{rel}","templated":true}]}}