{"id":17426,"date":"2026-04-27T21:43:09","date_gmt":"2026-04-27T21:43:09","guid":{"rendered":"https:\/\/coyacademia.com\/cursos\/?post_type=product&#038;p=17426"},"modified":"2026-05-05T21:47:22","modified_gmt":"2026-05-05T21:47:22","slug":"decoracion-de-tortas","status":"publish","type":"product","link":"https:\/\/coyacademia.com\/cursos\/product\/decoracion-de-tortas\/","title":{"rendered":"DECORACION DE TORTAS"},"content":{"rendered":"<p>&nbsp;<\/p>\n<p>Clase 1<\/p>\n<ul>\n<li>Introducci\u00f3n de Batido liviano y batido pesado<\/li>\n<li>Elaboraci\u00f3n de torta de naranja con ch\u00eda y torta de red velvet<\/li>\n<li>Preparaci\u00f3n de alm\u00edbar<\/li>\n<\/ul>\n<p>&nbsp;<\/p>\n<p>Clase 2<\/p>\n<ul>\n<li>Introducci\u00f3n de cubiertas<\/li>\n<li>Manejo de manga y boquilla<\/li>\n<li>Decoraci\u00f3n de torta en crema vegetal<\/li>\n<li>Tinturado y detalles<\/li>\n<\/ul>\n<p>&nbsp;<\/p>\n<p>Clase 3<\/p>\n<ul>\n<li>Elaboraci\u00f3n y manejo de la buttercream<\/li>\n<li>Cubierta de torta y tinturado<\/li>\n<li>Texturizado con peine\/scraper<\/li>\n<li>Decoraci\u00f3n superior<\/li>\n<\/ul>\n<p>&nbsp;<\/p>\n<p>Clase 4<\/p>\n<ul>\n<li>Elaboraci\u00f3n y uso del fondant<\/li>\n<li>Recubrimiento en ganache<\/li>\n<li>Forrado de torta en fondant<\/li>\n<li>Decoraci\u00f3n y texturizado<\/li>\n<\/ul>\n<p>&nbsp;<\/p>\n<p>&nbsp;<\/p>\n<p>\ud83d\udd16Incluye:<\/p>\n<p>-Insumos<\/p>\n<p>-Cada alumno realiza sus productos aproximadamente<\/p>\n<p>-Guia de t\u00e9cnicas y recetas *PDF*<\/p>\n<p>-Delantal y cofia<\/p>\n<p>-Certificado de participaci\u00f3n<\/p>\n<p>-Al finalizar el alumno se lleva productos a casa<\/p>\n<p>&#8211; Acceso a la comunidad exclusiva de WhatsApp<\/p>\n<p>&nbsp;<\/p>\n<p>\ud83d\udc4b\ud83c\udffcModalidad: Presencial 100% Pr\u00e1ctico<\/p>\n<p>&nbsp;<\/p>\n<p><strong>Fecha:\u00a0<\/strong><em>19 al 22 de mayo<\/em><\/p>\n<p><em><strong>Nocturno<\/strong><\/em><\/p>\n","protected":false},"excerpt":{"rendered":"<p>A trav\u00e9s de este curso especializado, explora variedad de t\u00e9cnicas, desde los fundamentos b\u00e1sicos hasta los detalles para elevar la est\u00e9tica de las tortas. Aprende a elaborar tortas desde cero y manejar diferentes tipos de cubiertas como la crema vegetal, buttercream y el fondant desde cero. Aprende todo sobre el uso de las herramientas especializadas y, adem\u00e1s, descubre recetas, trucos y consejos para resolver los desaf\u00edos comunes que enfrentan tanto los principiantes como los decoradores de tortas m\u00e1s experimentados.<\/p>\n","protected":false},"featured_media":17336,"template":"","meta":[],"product_brand":[],"product_cat":[103,104],"product_tag":[],"class_list":{"0":"post-17426","1":"product","2":"type-product","3":"status-publish","4":"has-post-thumbnail","6":"product_cat-cursos-de-pasteleria","7":"product_cat-intensivos-avanzados","9":"first","10":"instock","11":"shipping-taxable","12":"purchasable","13":"product-type-simple"},"_links":{"self":[{"href":"https:\/\/coyacademia.com\/cursos\/wp-json\/wp\/v2\/product\/17426","targetHints":{"allow":["GET"]}}],"collection":[{"href":"https:\/\/coyacademia.com\/cursos\/wp-json\/wp\/v2\/product"}],"about":[{"href":"https:\/\/coyacademia.com\/cursos\/wp-json\/wp\/v2\/types\/product"}],"version-history":[{"count":4,"href":"https:\/\/coyacademia.com\/cursos\/wp-json\/wp\/v2\/product\/17426\/revisions"}],"predecessor-version":[{"id":17619,"href":"https:\/\/coyacademia.com\/cursos\/wp-json\/wp\/v2\/product\/17426\/revisions\/17619"}],"wp:featuredmedia":[{"embeddable":true,"href":"https:\/\/coyacademia.com\/cursos\/wp-json\/wp\/v2\/media\/17336"}],"wp:attachment":[{"href":"https:\/\/coyacademia.com\/cursos\/wp-json\/wp\/v2\/media?parent=17426"}],"wp:term":[{"taxonomy":"product_brand","embeddable":true,"href":"https:\/\/coyacademia.com\/cursos\/wp-json\/wp\/v2\/product_brand?post=17426"},{"taxonomy":"product_cat","embeddable":true,"href":"https:\/\/coyacademia.com\/cursos\/wp-json\/wp\/v2\/product_cat?post=17426"},{"taxonomy":"product_tag","embeddable":true,"href":"https:\/\/coyacademia.com\/cursos\/wp-json\/wp\/v2\/product_tag?post=17426"}],"curies":[{"name":"wp","href":"https:\/\/api.w.org\/{rel}","templated":true}]}}